*t, -2*x = t - 11. Let b(v) = -2*v**3 + v**2 - 3. Give b(x).
-48
Let p(r) = -2*r**2 + 2*r + 3. Let z(h) = h**2 - 2. Let u(s) = 3*p(s) + 5*z(s). Let l(d) = -d**2 - 11*d - 12. Let x be l(-9). Determine u(x).
-1
Let p = 170 - 165. Let s(j) = j**3 - 4*j**2 - 4*j. What is s(p)?
5
Let x(z) be the second derivative of 3*z**5/10 - z**2/2 + 11*z. Let c be (-2 + 1)/(3/3). What is x(c)?
-7
Let t(b) = b**2 - 6*b + 3 - 6 + 9 - 4. Let d be (-99)/(-21) + 4/14. Give t(d).
-3
Suppose -23 = 25*q - 223. Let u(i) = -10*i + 79. Determine u(q).
-1
Let d = -165 + 165. Let s(n) = -n - 15. What is s(d)?
-15
Let o(k) be the third derivative of k**5/30 - k**4/8 - 5*k**3/3 + 11*k**2. Let b be o(3). Let s(g) = -3*g**3 - g**2 + g + 1. Calculate s(b).
2
Let p(l) be the first derivative of -l**4/2 - 2*l**3/3 + l**2/2 - l + 102. Determine p(2).
-23
Let o(w) be the first derivative of -w**2 - 4*w - 570. Determine o(-6).
8
Suppose 0 = d + 31 - 22. Let h(t) = t**3 + 9*t**2 - t + 3. Determine h(d).
12
Let m(u) = -9*u + 1. Let x(o) = -5*o**3 - 4*o**2 + 8*o - 2. Let k(d) = -d**3 + d + 1. Let y(i) = -4*k(i) + x(i). Let z be y(-5). Calculate m(z).
10
Let i(r) = 2*r**2 + 7*r + 2. Let p(t) = 2*t**2 + 6*t + 2. Let h(s) = -2*i(s) + 3*p(s). Let g be h(-2). Let v(b) = 2*b**3 - 2*b**2 - 2*b + 3. What is v(g)?
7
Let s(o) = 4*o + 1. Let i(m) be the first derivative of m**4/4 + m**3/3 - m + 6. Suppose -5*f - 3*x = 7, 5*x + 15 = -7*f + 2*f. Let y be i(f). Determine s(y).
5
Let h(s) = s**2 - 32 + 32 + s. Let i(m) = 3*m**2 - 8*m. Let l(p) = -2*h(p) + i(p). Determine l(10).
0
Let t(n) be the third derivative of n**4/24 + 7*n**3/3 - 19*n**2 - 5. Give t(-7).
7
Let t(a) = -a**3 + 9*a**2 - 9*a + 17. Suppose 4*z - 8 = 0, 0*m + 26 = 2*m + 5*z. Let j be t(m). Let r(n) = -n**2 + 8*n + 4. Calculate r(j).
-5
Let n(s) = -s**2 - 7*s + 2. Let g(b) = -3*b - 1. Let m(w) = -4*g(w) + n(w). Give m(6).
0
Let d(u) = 4*u - 7. Let x(l) = 6*l - 10. Let o be 6/4*(-14)/(-3). Let c(t) = o*d(t) - 5*x(t). Calculate c(-2).
5
Let h(p) = 3 - 3*p + 22504*p**2 - 22503*p**2 + 2 - p**3. Give h(2).
-5
Let w(q) = -2*q**2 + 4*q - 3. Suppose 15*u - 3*u - 240 = 0. Let z be 2/5 - 8/u - -4. Determine w(z).
-19
Let p be (-1)/1 + (-13 - -20). Let q(d) = p - 2 - d - 4. Give q(2).
-2
Suppose 0 = m + 3*m. Let r(c) = m - c + 0 + 1. Let w(n) = -n**3 + 3*n**2 + 3*n - 4. Let g be w(3). Give r(g).
-4
Let f(x) = -x - 2*x - 2*x - 30. Let y be f(-6). Let k(n) = -n**2 + 4. What is k(y)?
4
Let k(v) = v**3 - 7*v**2 + 6*v - 6. Let w = -65 + 95. Suppose -5*r = -5*s - w, -30 = -4*r - s - 6. Calculate k(r).
-6
Let h(t) = -29*t - 37. Let g(b) = -18*b - 24. Let z(i) = 8*g(i) - 5*h(i). What is z(0)?
-7
Let z(b) = 6*b**2. Let k(t) = t**2 - 4*t - 5. Suppose 17 + 0 = 5*q + 2*d, 4*q - 4*d = 36. Let l be k(q). Suppose 4*r + l*r = -4, 4*x = 5*r + 9. Calculate z(x).
6
Let c(q) be the first derivative of -q**3/3 + 3*q**2 - 3*q + 1. Let w = 11 + -13. Let n = 5 + w. Determine c(n).
6
Let a(p) = p**3 - 5*p**2 - 4*p - 2. Let b = -207 - -212. What is a(b)?
-22
Let g(r) = -r**2 + r - 1. Let y(w) = -6*w**2 - 5*w + 4. Let b(j) = -5*g(j) - y(j). Calculate b(-1).
12
Let a(t) = -t**3 - 7*t**2 + 3*t + 4. Let j = -44 + 32. Let q(n) = -n**3 - 11*n**2 + 14*n + 10. Let g be q(j). Let m be (-8)/28 + 94/g. What is a(m)?
-17
Let p be (-2)/(-8) - (-8)/(-32). Let n(q) = -q + 20. Let u(g) = -2*g + 42. Let o(w) = 5*n(w) - 3*u(w). Give o(p).
-26
Let f(h) = h + 8. Let d(s) = s - 77. Let v(k) = d(k) + 5*f(k). Give v(5).
-7
Let o(k) = 3*k**3 - 12*k**2 - 6*k - 4. Let a(g) = -8*g**3 + 35*g**2 + 19*g + 11. Let j(f) = 4*a(f) + 11*o(f). Determine j(-7).
-21
Let m(j) = j**2 - 3. Let a(w) = w**2 + w - 2. Let f(u) = -3*a(u) + 2*m(u). Suppose -2*h - 2 = 5*x - 23, 6 = -2*x. Suppose -h = -6*s - 36. Calculate f(s).
0
Let g(z) = -13639 + 13644 - 3*z - 7*z**2 + z**3 - 2*z. Give g(6).
-61
Let v(g) = g**3 + 10*g**2 - 12*g - 5. Let l be (-36)/(-12) + (-56)/4. Calculate v(l).
6
Let q(k) = 2*k**2 + k. Let s(p) = -p**3 + p**2 + 1. Let v be s(1). Let y(u) = 5*u**2 + 6*u + 5. Let b(h) = v*y(h) - 2*q(h). Give b(-4).
5
Suppose -3*v = 5*y + 69, 4*v + 37 = -6*y + 3*y. Let c be 2/(-3)*y/5. Let u(a) = -2 + c*a + 0*a - a + a**2 + 0*a. Determine u(2).
4
Let o(y) = y**3 + y**2. Suppose -11*h = -28*h. Determine o(h).
0
Suppose -4*h = -3*m - 5, -5*h = -4*m + 3*m - 9. Let c(r) be the third derivative of -5/6*r**3 + 0*r - 1/60*r**5 + 0 + 2*r**h - 1/4*r**4. Give c(-5).
0
Let p(k) = -3*k - 1. Let v(t) = -14*t + 8. Let f(h) = -4*p(h) + v(h). Determine f(8).
-4
Let l be 2 - (-3 + 2) - 1. Let u(r) be the third derivative of 7*r**2 - 1/6*r**3 + 0*r + 1/60*r**5 + 0 + 1/24*r**4. What is u(l)?
5
Let j(k) = -1783 - 1781 + 3566 + 3*k. Suppose 3*n = -4*v - 13, -5*v + 2*n - 5*n = 17. Calculate j(v).
-10
Let w(j) = 2*j + 1. Let m be (-50)/(-18) - 2/(-9). Suppose -m*x + 14 = -2*r, 2*x = -2*r - 0 - 4. Determine w(r).
-7
Let b(h) = 2*h**3 + 4*h**2 - 2. Let m(q) = 3*q**2 + 15*q**2 - 3*q**3 + 3 - 22*q**2. Let a(f) = 4*b(f) + 3*m(f). Determine a(4).
1
Let q(k) be the second derivative of k**3/3 + k**2/2 - 57*k. Let f(r) = -r**3 + r**2 + r. Let s be f(0). Suppose s = -0*i - 3*i + 12. What is q(i)?
9
Let d(p) be the second derivative of p**4/12 + 7*p**3/6 + 3*p**2 - 92*p. Let a = -16 + 22. Suppose 3*c + 6 + a = 0. Calculate d(c).
-6
Let b(n) = -n**3 + 7*n**2 - 14*n + 13. Let x(c) = -c + 2. Let k(o) = b(o) - 3*x(o). Determine k(3).
10
Let v(c) be the first derivative of c**4/4 - 2*c**3 + c**2/2 - 5*c - 1. Let r(f) = f**3 + 4*f**2 - 3*f - 6. Let j be r(-4). Determine v(j).
1
Let y(f) = -f + 22. Let t be y(20). Let l(v) = v + 1. Let c be l(-1). Let w(g) = -g + g**2 - 2*g + 1 + c*g**2. What is w(t)?
-1
Let l(x) = -x**2 - 7*x + 4. Let d be 36 - ((1 - 1) + -2). Suppose -6*a - 4 = d. Give l(a).
4
Let p(z) be the third derivative of -7*z**5/60 - z**4/24 + 37*z**2. Let w be 1/((-2)/(4/(-2))). Give p(w).
-8
Let b(o) be the third derivative of 0*o + 1/24*o**4 + 5/6*o**3 - 1/60*o**5 + 0 + 23*o**2 - 1/120*o**6. Give b(0).
5
Let s(o) = o**2 + 34*o + 292. Let y be s(-17). Let p(n) = n**2 - 5*n + 4. Let w(t) = -t**2 + 1. Let r(m) = -p(m) + w(m). Calculate r(y).
-6
Let w(g) = -9*g**2 - 11*g - 16. Let f(y) = -4*y**2 - 5*y - 7. Let p(j) = 5*f(j) - 2*w(j). Suppose -3*m - 4 = 2. Calculate p(m).
-5
Let s(h) = 9*h**2 - 9*h + 61. Let u(y) = -5*y**2 + 5*y - 30. Let o(q) = -3*s(q) - 5*u(q). Let f(x) be the first derivative of o(x). Calculate f(-3).
14
Suppose -3*h - 10 = -7*k + 6*k, 4*h + 6 = 5*k. Let q(a) be the second derivative of -1/2*a**3 + a - 1/6*a**4 - a**2 + 0. Calculate q(k).
-4
Let x(w) be the first derivative of 12*w**2 + w + 216. What is x(-1)?
-23
Let g(k) = -k - 8. Suppose -d + 4 = 0, 17*q + 32 = 13*q + 2*d. What is g(q)?
-2
Let n(d) = d**3 - 7*d**2 + d + 6. Let g = -29 - -36. Give n(g).
13
Suppose -224 = 50*p + 26. Let s(m) = -m**3 - 6*m**2 + m - 2. Calculate s(p).
-32
Let x(o) = -o. Let g be x(-4). Suppose 5*y - 6 = -2*t - t, -2*t + 4*y = -g. Let w(h) = -16*h**2 + 14*h**2 + h**3 + 8*h**t + 2 + 3*h + h. Calculate w(-5).
7
Let b = -133 - -153. Let a be (-73)/3 - 2/(-6). Let z = b + a. Let y(t) = t**2 + 6*t + 6. Calculate y(z).
-2
Let n(c) = -c - 7. Suppose -4*d + 8 = -4*z, 0 - 4 = 4*z - 5*d. Let p = -8 - z. Let s be p + 0 + 18/(-6). Calculate n(s).
-2
Let g(r) = r**2 + r + 12. Let l(w) = w + 30. Let c be l(-30). Give g(c).
12
Let o(h) = 15*h**3 - 4*h - 10*h**3 + 1 - 6*h**3 - 2 + 2*h + 2*h**2. Determine o(0).
-1
Let l(q) = -3*q**2 + 28*q + 19. Let r(a) = -a**2 + 13*a + 10. Let u(o) = -2*l(o) + 5*r(o). What is u(-8)?
4
Let g(r) = -r - r + 17*r + 4*r**2 - 29 - 41*r**2. Let u(x) = -13*x**2 + 5*x - 10. Let h(v) = 6*g(v) - 17*u(v). Determine h(6).
-10
Let a(r) = -r**3 + 13*r**2 - 12*r + 4. Let s be a(12). Suppose -11 = -5*u + s. Let d(c) = c**2 + 1 + u*c - 4 + 4*c - c. Give d(-7).
4
Let i(v) = 3*v**2 - 2*v - 2. Suppose -3*m + 3 = 3*y, -2*m + 4*y = -y - 16. Calculate i(m).
19
Let p(b) = b**3 - 7*b**2 - 8*b + 2. Let v be p(8). Let w(a) = -v + a**2 - 4*a + 7*a**2 - 9*a**2 - 3. Let h = -63 + 57. Determine w(h).
-17
Let v(s) be the second derivative of s**5/60 + 5*s**4/24 + 2*s**3/3 - 3*s**2/2 + 2*s. Let y(c) be the first derivative of v(c). Determine y(-5).
4
Let r(t) = -7*t**3 + t**2 - 2. Let l be 60/(-80) - 5/20. What is r(l)?
6
Let i(c) = 269*c - 2 - 134*c - 131*c